the prime factors of p(-2).
2, 3, 7
List the prime factors of (-123)/(-9) + 32/24.
3, 5
Suppose -3*v = -4*m - 102, -v + 50 + 56 = -4*m. Let a = 40 + m. What are the prime factors of a?
13
Let t(r) = 2*r - 6. What are the prime factors of t(6)?
2, 3
Suppose k - 2*v - 8 - 4 = 0, 21 = 3*k - 3*v. List the prime factors of 1/k + (-18)/(-4).
5
Suppose k - 8 + 6 = 0. Let s(d) = -d**3 + 3*d**2 - d + 2. Let p be s(k). Suppose 0 = p*t - 5*l - 36, 4*t = -4*l - 0*l + 36. What are the prime factors of t?
3
Suppose -1 + 13 = 4*u. Suppose 4*m - 3*m = 5*t - 47, -u*t = 4*m - 42. List the prime factors of t.
2, 5
Let l(h) = -5*h + 1. Let o be l(2). Let v(j) = j**3 + 9*j**2 - j + 11. What are the prime factors of v(o)?
2, 5
Let x be 14/6 + 4/(-12). Suppose -4*m = -x*m - 60. What are the prime factors of m?
2, 3, 5
Suppose -25 = 2*a - 5*r, 3*a - 3*r + r + 21 = 0. Let q be -2 - -2 - (a + -2). Suppose 2*d + 3*g = 3*d, -2*d - g + q = 0. List the prime factors of d.
3
Suppose 3*v + 0 = 4*p + 3, 2*p - 3*v = -9. Suppose 4*r - 36 = 4*w, 0 = -p*r + w - 7 + 30. List the prime factors of r.
7
Let v(d) = 4*d + 0*d - 6 - d**3 + 2*d**3 - 10*d**2 + 0*d**3. List the prime factors of v(10).
2, 17
Suppose -v + 5*r = -29, v - 5*r = -4*r + 41. What are the prime factors of v?
2, 11
Let g = -41 + 70. What are the prime factors of g?
29
Let t = -12 - -6. Let g(n) be the second derivative of -n**3/2 - 7*n**2/2 + 2*n. List the prime factors of g(t).
11
Let j(d) = d**3 + d**2 + d - 1. Let v(c) = 4*c**3 + 4*c**2 + 4*c + 1. Let k(q) = -2*j(q) + v(q). Let g be k(-2). List the prime factors of -3*(15/g)/1.
5
Let n(z) be the third derivative of z**6/120 + 3*z**5/20 - 11*z**4/24 + 7*z**3/6 - z**2. List the prime factors of n(-10).
17
Let h be (-4 + 0 + 2)*-1. Suppose 0 = -h*v + 15 + 1. List the prime factors of v.
2
Suppose 7*w - 1122 - 243 = 0. What are the prime factors of w?
3, 5, 13
Let k(y) = y**3 + 2*y - 7. Let p be (-3 - -2)/(7/(-21)). List the prime factors of k(p).
2, 13
Let h(t) = -t**3 + 4*t**2 + 2*t - 2. Let w be h(4). Let k(n) = -n**2 + 8*n + 3. Let o be k(w). List the prime factors of 5/o*13*3.
13
Let h be (64/(-12))/(1/3). Let f = h - -36. List the prime factors of f.
2, 5
Suppose -3*z = -4*t - 1, 4*t + 4 = 3*z + z. What are the prime factors of 6 + 1*(-6)/z?
2
List the prime factors of (-1)/(((-6)/255)/(12/15)).
2, 17
Suppose -l = l - 4*h - 94, -4*l + 170 = -2*h. What are the prime factors of l?
41
Suppose 0*u = -4*u + 204. What are the prime factors of u?
3, 17
Let r(x) = 0*x**2 - 7 + 10*x**2 + 8. List the prime factors of r(-1).
11
Let u(x) = -3*x**2 + 3*x + 0*x**2 - x**2 + 2*x**3 - x**3. List the prime factors of u(4).
2, 3
Let x = 4 - 3. Let w = 2 - x. Let u = 12 - w. What are the prime factors of u?
11
Suppose 3*p - 50 = 34. What are the prime factors of p?
2, 7
Let j(z) be the third derivative of z**2 + 0 + 1/24*z**4 + 4/3*z**3 + 0*z + 1/60*z**5 + 1/120*z**6. List the prime factors of j(0).
2
Let i = 83 - 44. List the prime factors of i.
3, 13
Let k(g) = -g**3 + 12*g**2 - 3*g + 6. What are the prime factors of k(11)?
2, 47
Let p(y) = -2*y**2 + 7*y - 1. Let r be p(5). List the prime factors of (2 - -1)/((-6)/r).
2
Let y(d) = 58*d + 10. What are the prime factors of y(2)?
2, 3, 7
Let g(j) = j**3 - 3*j**2 + 3*j - 5. List the prime factors of g(5).
2, 3, 5
Let v(m) = m**2 + 6*m + 5. Let u be v(-10). Let o be (-4)/(-6) + (-4)/6. Suppose 2*d + 0*d + 2*l - 28 = o, 2*l = -3*d + u. What are the prime factors of d?
17
Suppose 0 = -2*y - 3*y + 25. Suppose 19 = z + y. What are the prime factors of z?
2, 7
Suppose -2*u - x = 2*x - 15, 4*x = -u + 15. Suppose u*q - 2 = 4*l, 5 - 1 = -2*q. What are the prime factors of -5*l/(-3)*-3?
2, 5
Let t = 10 + -142. List the prime factors of (t/(-18))/(4/6).
11
Let c(h) = h**3 + 4*h**2 - 4*h + 3. Let y be c(-5). Let a = 2 + y. List the prime factors of 11*(0 - (-1 - a)).
11
Let g(l) = 4*l + 6. Let t be 80/14 + 2/7. What are the prime factors of g(t)?
2, 3, 5
Suppose -8*y + 0*y + 1048 = 0. List the prime factors of y.
131
List the prime factors of (-194)/(-3) - (-4)/(-6).
2
What are the prime factors of (3 + -1)*24/16?
3
List the prime factors of (3 - 6)*12/9*-25.
2, 5
Let s(j) = j**3 + 7*j**2 + 4*j - 1. Let i be s(-6). Suppose d = 14 + i. Suppose 3 = 4*c - d. What are the prime factors of c?
7
Suppose 0 = -s + 2, -3*u - 5*s + 0 = -25. Suppose -3 + 13 = -5*h. Let m = h + u. What are the prime factors of m?
3
Let n(c) = 10*c**2. Let q(h) = -h - 6. Let z be q(-7). List the prime factors of n(z).
2, 5
Let x(n) = n**2 + 3*n - 4. Let a be x(-5). Suppose 0 = -3*p + 5*h + 41, -3*h - 5 = -p + a. What are the prime factors of p?
17
Suppose -193 = -3*i - 2*i + n, 0 = 5*i - 5*n - 205. What are the prime factors of i?
2, 19
Let p = 209 - 107. List the prime factors of p.
2, 3, 17
Suppose -652 = -4*i + 5*j + 609, 0 = 4*j - 12. What are the prime factors of i?
11, 29
Suppose 3*p - 75 = -4*c - 2*p, -4*c = -2*p - 110. List the prime factors of c.
5
Let h = -12 + 20. Let t be 49 + (h - 2)/(-3). Suppose 0 = 5*u - 2*v - t, 2*u - 3*v + 45 = 5*u. List the prime factors of u.
11
List the prime factors of -4 - (2/9 + 10758/(-54)).
3, 5, 13
Suppose -4*z - 4*w = -240, -z = -0*w + 5*w - 60. List the prime factors of z.
2, 3, 5
Let d be 2/(-1*2/(-6)). Suppose 0 = -d*j + 3*j + 18. What are the prime factors of ((-40)/(-12))/(4/j)?
5
Suppose -11 = -4*y + 9. List the prime factors of y.
5
Suppose -4*g + 2*g = -48. List the prime factors of g.
2, 3
Suppose 3 - 6 = 3*y. Let x be (-4 - -3) + (-5)/y. Suppose 3*j = -h + 9 + 12, 3*j - 39 = -x*h. List the prime factors of h.
2, 3
Let k be 2/(-6)*-3 - 0. Let q(a) = -2 + 5*a - 15*a - k. What are the prime factors of q(-2)?
17
Let w(z) = z**2 - 14*z + 12. Let i be w(9). Let d = i + 63. List the prime factors of d.
2, 3, 5
Let c be 3/(1 + 1/(-4)). Let x = 8 - c. List the prime factors of x.
2
Let b be 2/(-3) + 4/6. Suppose -6*h + 5 = -5*v - h, b = -4*v + 3*h - 1. What are the prime factors of 1/((v/(-9))/(-2))?
3
Let o = 217 + -123. Suppose 4*y - 46 = o. Let t = y - 12. What are the prime factors of t?
23
Suppose 5*o + 12 = 8*o. What are the prime factors of 38/8 - (-1)/o?
5
List the prime factors of -3*4/12 - -141.
2, 5, 7
Suppose 4*p + 4*b = 40, -2*p + b = 2*b - 23. What are the prime factors of p?
13
Suppose 5*u - 163 = -3*p, -p - 4*u + 22 = -23. What are the prime factors of p?
61
Let y(h) = h**2 - 7*h - 5. Let k(s) = -s**2 + 6*s - 1. Let d be k(3). Let j be y(d). Suppose j*u = -a + 44, -28 = u - 3*u - 2*a. List the prime factors of u.
3, 5
Suppose 2*c - 108 + 14 = 0. What are the prime factors of c?
47
Let b(o) = o**2 - 5*o. Let r = 5 + -2. Let p be b(r). List the prime factors of (-2)/p - (-52)/6.
3
List the prime factors of (-205)/(-5 + 4 + 0).
5, 41
Let f = 69 + -44. Let x = 68 - f. What are the prime factors of x?
43
List the prime factors of 200/24 + 2/(-6).
2
Suppose 5*p + 259 = -2*t, t + 126 = 2*p + 10. Let g be 2/4 + 111/(-6). What are the prime factors of 4/18 + t/g?
7
Let q(v) = -v**2 - 7*v + 2. Let d be q(-7). Suppose -d*y + 53 = 17. List the prime factors of y.
2, 3
Suppose -a + 2 = 1. Let y be (1 + a)*(2 + -1). Suppose -2*d - 12 = -5*x, y*x = -d + 4 - 1. List the prime factors of x.
2
Let m(t) = 2*t - 8. List the prime factors of m(7).
2, 3
Let p(m) = 3*m**2 + 7*m + 11. Suppose 0 = 3*d + 2*b + 7, 4*d = 3*b + 6 - 38. What are the prime factors of p(d)?
3, 17
Suppose n - 23 + 2 = 0. What are the prime factors of n?
3, 7
What are the prime factors of 3112/40 - (-1)/5?
2, 3, 13
Suppose 0*a = -2*a. Suppose a = -2*n + 2*u + 42, -4*n - 3*u + u = -78. What are the prime factors of n?
2, 5
Let t = 0 - -8. Let i(w) = w**3 - 7*w**2 - 7*w - 4. What are the prime factors of i(t)?
2
Let j(i) = i**2 + 6*i - 5. Let h be j(-7). Suppose 4*y - h*y = 8. List the prime factors of y.
2
Let n(j) = j**2 - 10*j + 15. Let g be n(11). Suppose 2*b + 5*a = -b + g, 4*b - 53 = -3*a. Suppose -b - 15 = -4*f. What are the prime factors of f?
2
What are the prime factors of (-1)/((-9 - -10) + (-348)/346)?
173
Let y(v) = v - 9. Let m be y(5). Let h = m + 7. Suppose 5*g - h*g - 16 = 0. What are the prime factors of g?
2
List the prime factors of 32/(-80) + 634/10.
3, 7
Let x(h) = -h - 8. Let g be x(-10). Suppose -2*a = 3*n - 35, 0*n + 5*a - g = 2*n. Li